*p + j + 25 + 4 = 0, l*p - 23 = j. Calculate the greatest common factor of p and 15.
3
Suppose -2*h = 4 - 10. Suppose 0 = h*c + w - 15, 0 = -0*c + 2*c + w - 11. What is the highest common divisor of 32 and c?
4
Let b be (-360)/(-25) + 6/10. Calculate the highest common factor of b and 5.
5
Let c = 0 + 0. Let i = c - 1. Let b be -2*(-41 - 2) + i. What is the greatest common factor of 17 and b?
17
Let w(t) = t**3 - 7*t**2 + t - 9. Let b be w(8). Calculate the greatest common divisor of 42 and b.
21
Let y be 1*(-20)/12*-3. Let q(s) = 2*s**2 + 8*s + 3. Let k be q(-7). What is the greatest common divisor of y and k?
5
Let d(w) be the second derivative of w**3/6 + w**2 + w. Let v be d(8). Calculate the greatest common divisor of v and 70.
10
Suppose -j - 10 = 3*v, 4*v + 5*j + 11 - 5 = 0. Let h be v/(-10) - (-473)/5. Calculate the greatest common factor of h and 38.
19
Let p(b) = 19*b**2 + 6*b - 3. Let f be p(4). Let j = 541 - f. Let v(t) = -2*t**3 - 3*t**2 - 3. Let n be v(-3). Calculate the greatest common divisor of n and j.
24
Let n(z) = z + 20. Let g be n(0). Let u = g + -10. Calculate the highest common divisor of u and 30.
10
Suppose -h + 5*h + 546 = 5*i, 3*h = i - 107. What is the greatest common divisor of 10 and i?
10
Suppose 59 = -5*m - 3*l + 335, 0 = -4*m + 5*l + 206. Let u = 108 + -90. What is the highest common divisor of u and m?
18
Let c = 6 - 1. Suppose -q + c*q - 680 = 0. Suppose -85 = -3*f - 2*f. Calculate the greatest common factor of f and q.
17
Let b(x) = x**3 - 2*x**2 - 5*x - 4. Let p be b(7). Suppose -4*r - 42 = -p. Suppose -2*o + r = 13. Calculate the greatest common factor of o and 154.
14
Suppose 4*p - 12 = -4*v, 5*p = v - 23 + 8. Suppose -4*w = w - v. Suppose -a - 5 = -6. What is the highest common factor of w and a?
1
Suppose 24 = c + 2*c. Suppose 0 = 4*x - c, 0*p + x = -2*p + 26. What is the greatest common divisor of p and 24?
12
Let q = 2 + 0. Suppose 4*o = 5*j - 146 + 46, 5*o - j = -146. Let x = o + 32. What is the greatest common divisor of q and x?
2
Let u = -13 - -21. Suppose 2*m = -251 + 763. Suppose -b = 3*b - m. Calculate the greatest common factor of b and u.
8
Let b be (2/(-4)*-4)/2. Let o be 2*(1 + 1 - -2). Calculate the greatest common factor of o and b.
1
Let g = -30 + 29. Let d be (2/g*4)/(-1). Calculate the highest common divisor of d and 2.
2
Let m(u) = 2*u**2 + 8*u + 14. Let t be m(-5). Calculate the greatest common factor of 216 and t.
24
Let m be 1/((-3 + 1)/(-14)). Let d be (11/(-4))/((-1)/28). What is the highest common divisor of d and m?
7
Let g(k) = 24*k - 2. Let h be g(1). Calculate the greatest common divisor of 176 and h.
22
Suppose -4*r + 27 = n, 2*r + 3*r = -2*n + 66. Suppose -25 - n = -2*h. Calculate the highest common divisor of 51 and h.
17
Let y be -21*(3/9)/(-1). Let h(c) = -3*c**3 - 2*c**2 - 3*c - 1. Let a be h(-2). Calculate the highest common divisor of a and y.
7
Suppose -3*u - 3*u + 42 = 0. Calculate the highest common factor of 7 and u.
7
Let b(v) = -v**2 - 16*v - 27. Let s be b(-11). Calculate the greatest common factor of 7 and s.
7
Suppose 34 = 3*u - 4*b, -3*u + b + 10 = 3*b. Let x be (-4 - u/2)*-1. Calculate the highest common factor of 28 and x.
7
Let q = -2 + 2. Suppose q*c = c + 6. Let s be (-1 - 9/c)*66. Calculate the highest common factor of s and 3.
3
Let o(t) = 2*t + 1. Let z be o(5). Calculate the greatest common factor of z and 110.
11
Suppose 0 = -4*s + 683 - 3. Let c(b) = 3*b**2 + 3*b - 1. Let w be c(-3). Calculate the highest common divisor of s and w.
17
Suppose 0 = k - 2*k. Let n = 6 + -1. Suppose -3*i - 4*r = -n - k, 3*r - 23 = -5*i. Calculate the highest common divisor of i and 7.
7
Suppose 5*j - 133 = -4*q - 52, -j + 4*q - 3 = 0. Calculate the highest common divisor of j and 65.
13
Let r = -6 + 9. Let q be 70/4 - r/(-6). Suppose -i + 4*i - 135 = 0. What is the highest common factor of i and q?
9
Let v(h) = 2*h**2 - 7*h + 2. Let p be v(3). Let l be (-74)/(((-3)/(-6))/p). What is the highest common divisor of 37 and l?
37
Let p be (-322)/9 - 16/72. Let q be (p/(-8))/((-2)/(-4)). What is the greatest common divisor of q and 9?
9
Let g be (50/20)/(2/(-8)). Let n(z) = z**3 + 11*z**2 + 10*z + 9. Let u be n(g). What is the greatest common divisor of 1 and u?
1
Suppose -4*g + 4*w - 28 = -0*g, -g - 2*w + 2 = 0. Let v(l) = -2*l + 2. Let a be v(g). Calculate the highest common factor of a and 10.
10
Suppose -1 + 7 = t. Let g = -17 - -32. What is the greatest common factor of g and t?
3
Let l = -55 + 75. Let n(s) = -s**3 + 7*s**2 - 4*s - 8. Let q be n(6). Suppose -5*k - 180 = -4*j, -8 = q*k - 2*k. Calculate the highest common factor of l and j.
20
Let o be 18/(-45) - 304/(-10). Suppose 9 = -2*g + 3*s, 5*s - 17 + 2 = -3*g. Suppose g = 2*h - h - 12. Calculate the greatest common factor of o and h.
6
Let h(b) = b**2 - 8*b. Let f be h(8). Suppose f*o + 99 = o. What is the highest common factor of 11 and o?
11
Let m = 143 - 54. Suppose -3*z + 2*z + m = -4*h, 0 = h + 2. What is the highest common divisor of z and 9?
9
Let b(i) = -i - 36. Let d be b(0). Let s = -22 - d. Let q(t) = -4*t - 3. Let k be q(-6). What is the greatest common factor of k and s?
7
Let g(f) = 13*f - 2. Let k be g(2). What is the greatest common divisor of k and 36?
12
Let f = -4 + 6. Suppose 1 = -f*y + 19. Let b(s) = s**3 + 3*s**2 - 2*s + 3. Let q be b(-3). Calculate the greatest common factor of y and q.
9
Suppose -2*m + 4 = -3*m, 3*p - 40 = -5*m. Suppose -2 = 2*t, x - 3*t = p + 8. Calculate the greatest common divisor of 5 and x.
5
Let o = 93 - 75. What is the greatest common factor of o and 24?
6
Let v be (-156)/(-8)*(-2)/(-3). Let j = v - 9. Suppose 2*z - z - 30 = j*a, 0 = 3*a + 3. What is the highest common divisor of 65 and z?
13
Let k be 2 + 6/(-1) + (-26)/(-2). What is the greatest common divisor of 6 and k?
3
Suppose -3*p - 5*p = -128. Calculate the greatest common factor of 8 and p.
8
Suppose 2*u - 29 = 2*k + 5, u - 32 = 4*k. Calculate the highest common divisor of 132 and u.
12
Let v(q) = q**3 - 3*q**2 + q - 1. Let p be v(4). Suppose -r = -h - 135, 2*h = 3*r - 6 - 397. What is the greatest common divisor of p and r?
19
Let c(d) = -d**3 + d**2 + 1. Let r be c(2). Let o be (3 + -1)/((-2)/r). What is the highest common factor of o and 3?
3
Suppose 6*q + 36 = 9*q. What is the highest common divisor of 24 and q?
12
Let a(i) = i + 10. Let k be a(-5). What is the greatest common divisor of 15 and k?
5
Let q(s) = -24*s + 8. Let w be q(-7). Suppose 208 + 80 = 18*t. What is the greatest common divisor of w and t?
16
Let x(z) be the second derivative of z**5/20 + 7*z**4/12 + z**3/3 - 5*z**2/2 - z. Let q be x(-5). What is the highest common divisor of q and 5?
5
Let h(k) be the first derivative of -22*k**2 + k + 1. Let l be h(-3). Let g be (-2)/(-1)*(-4)/(8/(-19)). What is the highest common divisor of g and l?
19
Let x be ((-6)/3)/(2/(-6)). Let g be (2 - x/4)*6. Calculate the greatest common divisor of 33 and g.
3
Suppose 0 = b - 0 - 4. What is the greatest common divisor of 32 and b?
4
Let k = -1 - -2. Let p = k - -8. Let c = p - 0. What is the greatest common divisor of c and 45?
9
Let z = -3 + -4. Let w(y) = -1 - 2*y - 3 - 4. Let l be w(z). Calculate the greatest common divisor of 18 and l.
6
Let w(c) = 35*c**2 - 2. Let l be w(1). Calculate the greatest common factor of l and 297.
33
Suppose 7*k = 2*k, -5*n - 3*k = 0. Let w = n + 10. What is the highest common factor of w and 2?
2
Suppose -3*t = -w - 17 + 7, 6 = t - w. Suppose -t*k = -161 - 15. Calculate the greatest common divisor of k and 8.
8
Let m be 0 - (10/(-2) - 394). Calculate the greatest common divisor of m and 57.
57
Let o = 42 + -17. Let q be ((-24)/(-30))/(2/o). What is the greatest common divisor of 4 and q?
2
Let k(r) = -3*r + 2. Let l be k(0). Calculate the highest common divisor of 14 and l.
2
Suppose 0*l - 7*l + 14 = 0. Suppose 3*g - l*g - 51 = -2*k, 0 = -3*g + 5*k + 120. Calculate the greatest common divisor of g and 5.
5
Let t = -12 + 19. Calculate the highest common factor of t and 56.
7
Let g(h) = h - 11. Let d be g(16). Calculate the greatest common divisor of 55 and d.
5
Suppose c + 0*c = -1. Let q be (-107)/5 + 4/10. Let o = c - q. Calculate the highest common factor of 100 and o.
20
Suppose 3*o = -y + 205, -225 = -3*o + 3*y